f d?
4
Suppose 47*a - 13*a - 38930 = 0. What is the tens digit of a?
4
Let q(j) = 2*j + 2. Let s be q(1). Let z be 8/(-3)*(-6)/s. Suppose 5*c + 5*x = 35, -z*x - 57 = -4*c - 13. What is the units digit of c?
9
Let t = 491 - -47. What is the tens digit of t?
3
Let s be -7 - ((-6)/(-2) + -5). Let a = s - -16. Suppose p = 5*c - a - 69, -3*c - 2*p + 35 = 0. What is the tens digit of c?
1
Suppose -24 = u - 6. What is the tens digit of (-1*u/8)/(14/112)?
1
Suppose 4*a + a - 510 = -5*p, -p - 2*a + 102 = 0. Suppose 4*z - 84 = -4*m, -5*z + 0*m + p = 2*m. What is the tens digit of z?
2
Let n = -237 + 872. What is the hundreds digit of n?
6
Suppose -63*w + 62*w - 21 = 0. Let c = w + 156. What is the hundreds digit of c?
1
Let i be 4 + (-1)/3 + 10/(-15). Suppose -i*o + d = -7*o + 333, 5*d + 139 = 2*o. What is the tens digit of o?
8
Suppose -5*y - 3 = -6*y. Let o be y - (-1 - -6 - 2). Suppose -l + 2 = o, 5*j - 3*l - 115 = 74. What is the units digit of j?
9
Let d(s) = 2*s + 15. Let i be d(12). Let v = 10 - 20. Let x = i + v. What is the units digit of x?
9
Let s(o) = o**2 + 2*o - 2. Let f(j) = -3*j**2 - 6*j + 6. Let l(y) = 4*f(y) + 11*s(y). Let z be l(-3). Let m(w) = -28*w + 3. What is the tens digit of m(z)?
3
Suppose 5*v = -4*i - 1275, 0 = 2*v - 2*i - 28 + 538. Let d = 455 + v. What is the tens digit of d?
0
Suppose 1027 - 115 = 3*q. What is the tens digit of ((-17)/(680/q))/(2/(-5))?
1
Suppose -46 = -4*d + 2138. Suppose -r = 5*r - d. What is the tens digit of r?
9
Let v = -120 + 124. What is the units digit of (-3132)/9*v/(-6)?
2
Suppose -3*a = -2*a + 114. Suppose 16 = -6*j + 2*j. What is the units digit of a/(-5) + j/(-20)?
3
Let u = -71 - -152. Let a = 72 + -125. Let p = a + u. What is the tens digit of p?
2
Let b be 0/(2*3/3). Suppose -n + 0*y + 22 = -2*y, 2*n + y - 24 = b. What is the units digit of n?
4
Let b = -23 + 25. Let s be b/(-9) - 11/(-9). What is the tens digit of (-35)/s*-1 + 1?
3
Let x be 9/6*-2 + 18/3. What is the tens digit of (-3 - (-3 - x)) + 20?
2
Let b(n) = 12*n**2 + 6*n + 10. Suppose -16*v - 52 = -3*v. What is the hundreds digit of b(v)?
1
What is the hundreds digit of 64/224 + ((-11706)/(-14))/3?
2
Suppose l - 4*p + 2*p - 841 = 0, -4*p = 2*l - 1658. What is the hundreds digit of l?
8
Let f = 854 + -509. What is the tens digit of f?
4
Let f = 574 + -240. What is the hundreds digit of f?
3
Suppose 5*x + x = 36. What is the units digit of -12*(-1 + 3/x)?
6
Let d(j) = -1 - 7 - 18 + 4*j + 46. Let s be d(-6). What is the units digit of (-7)/(-1) + 2 + s?
5
Let k = 99 - -357. What is the tens digit of k?
5
Let d be ((-1)/(15/36))/((-6)/15). Let b(v) be the second derivative of v**5/20 - 5*v**4/12 - 5*v**3/6 + 3*v**2/2 - 2*v. What is the units digit of b(d)?
9
Let x = 1540 - 997. What is the units digit of x?
3
Let p be (-6)/((-3)/(-2)*-1). Suppose p*w - 227 = -3*h, w = -4*h - w + 316. What is the units digit of h?
1
Let c(d) = -d**3 + 5*d**2 - 2*d - 2. Let w be c(3). Suppose 5*o - 35 = -4*h + h, -2*h + 6 = -o. Suppose o*g = 2*g + w. What is the units digit of g?
5
Suppose 3*f = 3*d - 2910, 985 = d + 207*f - 203*f. What is the hundreds digit of d?
9
Let k(d) = 1786*d**2 + 19*d - 20. What is the units digit of k(1)?
5
Let d = -119 + 128. Suppose -182 = d*g - 776. What is the tens digit of g?
6
Let t(w) = -w**2 - 16*w - 12. Let v be t(-15). Suppose -h + 2*h - 40 = -4*b, -v*b = -h + 47. What is the units digit of h?
4
Let b(y) = 5*y - 17*y - 6 + 13*y. Suppose l = 3*w + 2 + 4, 5*l = 2*w + 69. What is the units digit of b(l)?
9
Let f be 4/(-6)*(-1 - 2). Let m(c) = -f*c - 2*c + 26*c - 1. What is the tens digit of m(1)?
2
Suppose -5*a = -4*q + 28, 2*q - 16 = -0*a + 3*a. Let j = 5 - -3. What is the units digit of 18 + q + j/(-4)?
8
Suppose 11 = -2*k + 5*x + 37, -3*x - 9 = k. Suppose 4*v - 30 = k*v. Suppose -10 = -5*n + v. What is the units digit of n?
8
Let j(s) = 57*s + 758. What is the tens digit of j(13)?
9
Let m(w) = -5*w**3 + 6*w + 5. What is the tens digit of m(-6)?
4
Let r = -132 - -190. Suppose 13*p - 204 = -22. Suppose -4*u + p + r = 0. What is the tens digit of u?
1
Suppose 13*a = 15*a - 12. Let s(w) = w - 5. Let c be s(a). Suppose 2*m - c = 7, -4*g + 2*m = -160. What is the tens digit of g?
4
What is the tens digit of 6192 + 138/(-92)*2/1?
8
What is the units digit of 1*139*2/((-16)/(-40))?
5
Let g(m) be the third derivative of m**5/60 + m**4/3 - 7*m**3/2 - 12*m**2. What is the hundreds digit of g(-18)?
1
Suppose -131*s = -129*s + 16. Let y(o) = 2 + 2 - 2*o + 0*o. What is the tens digit of y(s)?
2
Let a(x) = -85 + x**2 + 37 + 34 + 5*x - x**3. What is the tens digit of a(-6)?
0
Let w be (-7)/(7/(-4)) - 19. Let b(u) = -2*u - 6. Let c be b(w). What is the units digit of (c/(-9) + 3)*33?
1
What is the tens digit of -2*(2 - 83/2) + 0?
7
Suppose -214 = u - 3*u. Suppose -3*x - 5*q + 6 - 59 = 0, -5*x + q - u = 0. What is the tens digit of ((-54)/x)/(3/28)?
2
Let b(k) = k + 29. Let v be b(-20). Suppose v*p + 288 = 12*p. What is the tens digit of p?
9
Let k = -4027 - -6421. What is the hundreds digit of k?
3
Let p = 29 - -90. Let g = p + -22. Suppose 0 = -5*a + g + 128. What is the units digit of a?
5
Suppose 14066 = 13*w + 1781. What is the units digit of w?
5
Suppose 20 = -5*i + c, 5*c - 19 = 3*i + 3*c. What is the hundreds digit of ((-1)/(i/2))/(4/1038)?
1
Let y(w) = 97*w + 74. What is the hundreds digit of y(7)?
7
Suppose 5*o - 298 - 2057 = 0. What is the tens digit of o?
7
Suppose -w + 2*w = 193. Let o = w + -28. Suppose -3*s = 5*z - 109, 5*z - 4*s + 42 = o. What is the units digit of z?
3
Let y(m) be the third derivative of m**4/6 - 3*m**3/2 + 3*m**2. Let c be y(7). Suppose -3*q + 5 + c = 0. What is the units digit of q?
8
What is the hundreds digit of (18/(-6))/(-3) + 157 - -4?
1
Suppose -7*p + 2195 - 620 = 0. What is the tens digit of p?
2
Let b be (-8)/(-40) - (-218)/10. Suppose 18 = 2*j + 4*j. What is the tens digit of j + -1 + 1 + b?
2
Suppose 12*r + 1017 = 15*r - 3*m, 5*m = -r + 369. What is the units digit of r?
4
Let k(o) = o**3 - 3*o**2 - 3*o - 2. Let j be k(4). Suppose -246 = -j*w - w. What is the units digit of w?
2
Let s(t) = -161*t**3 + t**2 + 2*t + 1. Suppose -7 = 4*r - 9*z + 10*z, -5*r - 2*z = 11. What is the hundreds digit of s(r)?
1
Let x(d) = d + 4. Let b be x(3). Suppose 8 = 3*g - b. Suppose -35 = -2*c - g*o, 3*o - 48 = 2*c - 5*c. What is the units digit of c?
5
Let o(p) = -p**3 + 10*p**2 + 11*p + 7. Suppose -34 = -4*j - 5*d, 0 = 3*j + d - 5 - 26. What is the units digit of o(j)?
7
Let p be 0 + (-4)/(-4 - -2). Suppose -3*h + 3*s + 31 = -71, -p*s = 2*h - 48. Suppose -4*k = 5*d - 40, 3*d = -5*k + 2*d + h. What is the units digit of k?
5
Let b(m) = -m**2 - m. Let s(z) = 5*z**2 + 3. Let o(v) = -b(v) + s(v). What is the tens digit of o(3)?
6
Suppose 18 = 5*v - 0*r + r, 3*v + r = 10. Suppose 0 = -4*n + 3 - 11, 2*y = v*n + 226. What is the units digit of y?
9
Let k(s) = 294*s**2 - 7*s + 1. What is the hundreds digit of k(-3)?
6
Let f be 15/2*96/72. Suppose -m + 98 = 5*k, -f*m + 375 = -5*m + 2*k. What is the tens digit of m?
7
Let s be 6*3/24*188. Suppose -13*v + 16*v - s = 0. Let f = v - 8. What is the units digit of f?
9
Let h(o) be the second derivative of -o**3/3 + 2*o**2 - 2*o. Let x be h(6). Let i = 15 - x. What is the units digit of i?
3
Suppose k - 2*k + 3 = 0. What is the units digit of (-26*k)/(-2)*(4 + 0)?
6
Let t(n) = 2*n**3 + 4*n**2 - n. Let s be t(-3). Let w be (-41)/(-4) - s/(-60). What is the tens digit of ((-138)/15)/((-4)/w)?
2
Let j be ((-3)/(-9))/(3/36). Let k be 0 - 6*j/(-6). What is the tens digit of 3 + 3*16/k?
1
Let t(q) = 3*q - 33. Let w be t(14). Let a(p) = p**2 + 7*p - 11. What is the units digit of a(w)?
3
Suppose 3*g = -4*f - 23, 0 = g + 4*g + 2*f + 15. Let x(y) = -46*y + 1. What is the units digit of x(g)?
7
Let r(b) = b**3 + 22*b**2 + b + 14. Let z be r(-22). Let q(p) = -17*p - 29. What is the tens digit of q(z)?
0
Suppose 10*k = k + 4032. What is the units digit of k?
8
Let f(y) = -95*y - 392. What is the units digit of f(-32)?
8
Let n be (-6)/4*(-22620)/(-9). What is the tens digit of (-2)/(-6) - n/39?
9
Suppose -n - 3803 = -2*h, 5*n = 5*h + 8*n - 9513. What is the units digit of h?
2
Suppose -4*q - 90 = 4*t - 610, 5*q - 10 = 0. Suppose -t - 78 = -2*n. What is the tens digit of n?
0
Let o = 